4*g**4 + 1/360*g**6 + 0*g**2 - 3 + 0*g - 5*g**3. Let p(j) be the third derivative of i(j). What is p(4)?
9
Suppose 77*i - 36*i + 369 = 0. Let o(a) = a**2 + 7*a - 12. Give o(i).
6
Let o(h) = 43*h**3 + 3*h**2 + 4*h - 9. Let a(z) = -41*z**3 - 4*z**2 - 5*z + 12. Let c(m) = -3*a(m) - 4*o(m). Give c(1).
-50
Let h(z) = -z**2 - 7*z + 16. Let i(f) = 87*f + 2697. Let w be i(-31). Determine h(w).
16
Let j(q) = q**3 - 7*q**2 + 3*q. Let g = -97 - -95. Let k be (-1)/(2*1/6). Let b be (-1 + k + g)*-1. Determine j(b).
-18
Let o(s) be the third derivative of -13*s**5/12 - s**4/24 + s**3/6 - 3*s**2 + 2*s - 2. What is o(-1)?
-63
Let n(o) = -7*o**2 + 199*o + 52*o**3 - 207*o - 53*o**3 - 49. Calculate n(-7).
7
Let m(t) = 4*t**2 - 49*t - 12. Let f(b) = -13*b**2 + 161*b + 36. Let q(u) = 2*f(u) + 7*m(u). Calculate q(11).
-1
Let g be 22*((-4)/16 - (-2)/(-8)). Let y(o) = -o**3 - 13*o**2 - 22*o + 2. Let k be y(g). Let a(j) = j**k - 8*j**3 + 5 - 4*j**3 + 13*j**3 - j. What is a(0)?
5
Let y(i) be the third derivative of -i**4/4 - 7*i**3/6 + 1109*i**2. Give y(0).
-7
Let b(c) = -60 - 5*c - 79 - c + 98. Calculate b(-10).
19
Let o(q) = 5*q**2 + 7*q - 3 - 11 - 6*q - q**3 + 20. Let s(h) = h**3 + 5*h**2 - h. Let b be s(-5). Give o(b).
11
Let r = 19 - 13. Let v(j) = -3 + 7*j**2 - r*j**2 + 223*j - 221*j. Calculate v(-3).
0
Let n(j) = 30*j - 3. Let o(a) = -13*a + 0*a - 1 + 2*a + 2. Let v(l) = 4*n(l) + 11*o(l). What is v(-6)?
5
Let d(k) be the first derivative of -k**5/20 - 5*k**4/12 - k**3/2 - 5*k**2/2 - 38*k + 82. Let c(o) be the first derivative of d(o). Determine c(-4).
-9
Let q(h) = 430*h**2 + 4*h + 3. Let u be q(-1). Suppose 14*n = n - u. Let x = n - -42. Let v(b) = -b**3 + 9*b**2 + 2. Give v(x).
2
Let a(w) be the third derivative of -29*w**4/24 + 92*w**3 + 592*w**2 - 2*w. Give a(19).
1
Let z = -3421 - -3402. Let g(m) = 2*m**2 + 40*m + 44. Determine g(z).
6
Suppose -9*t + 7153 = 2716. Let v = t - 497. Let s(m) be the second derivative of m**4/12 + m**3/2 + m**2 - 2*m. What is s(v)?
6
Let r be -26*12/234*-21*1/4. Let m(p) = -13*p**2 + 94*p - 18. Give m(r).
3
Suppose b = -3*j - 19, -b - 21 + 4 = 2*j. Let x be 50/13 - 2/b. Let w(f) = 11*f + 2. Let t(o) = -2*o - 1. Let n(y) = -5*t(y) - w(y). Give n(x).
-1
Let b be (-93)/(-1) + (3 + -1 - 3). Let r = 35 - b. Let k = r + 62. Let z(c) = -c**3 + 5*c**2 - c + 1. Calculate z(k).
-4
Let i(j) = -13*j**3 + 50*j**2 + 39*j + 36. Let g(b) = -5*b**3 + 17*b**2 + 13*b + 12. Let l be 2/((-4)/(-64)*-4). Let w(t) = l*g(t) + 3*i(t). Give w(-13).
12
Suppose b - 51 = -3*u, 14*u - 16*u - 2*b = -34. Let w(f) = 2*f + 8. Calculate w(u).
42
Let k(w) = 22*w - 81. Let i(f) = -31*f + 121. Let q(b) = -5*i(b) - 7*k(b). Calculate q(-19).
-57
Let p(r) = -5*r**2 + 5*r - 10. Suppose 59 + 293 = 176*u. Calculate p(u).
-20
Let m(y) be the first derivative of 11/2*y**2 + 2*y - 57 + 1/3*y**3. Calculate m(-9).
-16
Let m(b) = -73*b**3 + 91*b**3 - 19*b**3 + 3 + 2*b - 3*b**2. Give m(-4).
11
Let h(s) = 19*s**2. Suppose 20 = 28*r - 13 + 5. What is h(r)?
19
Let y(v) = 2*v**3 - 5 + 862297*v - 862365*v + 32*v**2 - v**3. Give y(-34).
-5
Let w(l) = -2*l**2 + l + 3. Let p(b) be the third derivative of -b**5/20 + b**4/24 + 2*b**3/3 + b**2 - 1. Let d(z) = 3*p(z) - 4*w(z). What is d(-1)?
0
Suppose 3*y - 2 = 5*y. Let c(m) = 3*m**2 + 2*m + 1. Let d be c(y). Let z(p) = -85 + 185 - 99 - 6*p. Give z(d).
-11
Let j(p) = -337*p + 49 + 692*p - 347*p. What is j(-6)?
1
Let b = -60 - -57. Let z be (-10)/(-2) + 2 + b/1. Let u(n) = z + 3*n + 7 - 5 - 5. Determine u(-2).
-5
Let a(b) = -15*b**3 - 16*b**2 + 46*b + 9. Let y(k) = 4*k**3 + 4*k**2 - 12*k - 2. Let h(r) = -3*a(r) - 11*y(r). Give h(-6).
-41
Let n(z) = -3*z - 51. Let x be n(-19). Let h(l) = 2*l + 3. Let b(a) = 6 - 2 + a - 3. Let d(j) = x*h(j) - 17*b(j). Give d(4).
-19
Let c(k) = k**2 + 9*k + 9. Let o(a) = -163*a + 1629. Let p be o(10). Give c(p).
1
Suppose -6 = -2*n - 0*n. Suppose 8 = -n*z - 5*w, 3*w = z - 5*z - 18. Let o(h) = 7*h + 90. Let d(t) = -20*t - 256. Let s(c) = -6*d(c) - 17*o(c). Give s(z).
0
Let l(q) = 46*q**2 + 7*q - 3. Let m be l(2). Let n = 206 - m. Let y(j) = j**2 - 13*j + 13. What is y(n)?
-9
Let m(t) = -13*t + 97. Let l(y) = 28*y - 199. Let p(i) = -6*l(i) - 13*m(i). Give p(24).
-43
Let j(x) = -9*x**3 + 9*x**2 - 6*x - 22. Let w(h) = 11*h**3 - 10*h**2 + 6*h + 29. Let i(c) = 5*j(c) + 4*w(c). What is i(4)?
-2
Let r(c) be the first derivative of -c**5/60 - c**4/24 + 2*c**3/3 + 15*c**2 - 143. Let j(d) be the third derivative of r(d). Calculate j(-4).
7
Let y(n) be the third derivative of -n**6/120 + 3*n**5/20 - n**4/3 - n**3/6 + 3*n**2 + 102*n. What is y(8)?
-1
Let p(v) = 5*v**2 + 270*v - 270. Let t be p(1). Let l(r) = 2*r**2 - 16*r + 40. Determine l(t).
10
Let j be ((-31 - (-4 - -1))/1)/(-1). Suppose -j*g - 16 = -36*g. Let n(b) = -2*b**3 + 6*b**2 + 2*b. Let x(h) = h**2. Let i(c) = -n(c) + 6*x(c). What is i(g)?
12
Let t(g) = -70*g - 71*g + 222*g - 74*g + 20. What is t(-3)?
-1
Let c = 256 - 385. Let l = -140 - c. Let z(q) = 2*q + 10. Calculate z(l).
-12
Let w(b) = 24*b - 5. Suppose -20*y + 23*y - 3 = 0. What is w(y)?
19
Let m(t) = 12*t - 225. Let o(s) = 3*s**3 - s**2 - 202*s + 401. Let i be o(2). What is m(i)?
-21
Let k(h) = -h**3 + 6*h**2 + 8. Let p be ((-10)/(-8)*-2)/((-2)/132). Suppose -159 = r - p. Give k(r).
8
Suppose -10*f + 13*f + 5*w - 18 = 0, -10 = -5*f - 5*w. Let x(k) = -k**3 - 4*k**2 - 6*k - 22. What is x(f)?
2
Let l(h) = -6*h**3 + 30*h**2 + 21*h - 11. Let w(n) = -4*n**3 + 32*n**2 + 16*n - 9. Let j(q) = 3*l(q) - 4*w(q). Give j(-19).
22
Let v = -562 + 361. Let p = v - -210. Let z(l) = -l**2 + 8*l + 13. Give z(p).
4
Let f(r) = r**2 + 4*r - 10. Let p(c) = c**3 - 12*c**2 - 15*c + 20. Let i be p(13). Let n be f(i). Let o(s) = 2 - 4*s - n*s + s + 4*s. Calculate o(6).
-4
Let d(i) = -i**2 - i. Let m = -47 + 55. Suppose 3*h = m*h. What is d(h)?
0
Let q(n) = 13*n**3 - 6*n**3 + 7 - 6*n**3 - 2*n + 8*n**2 - 5*n - 3*n**2. Suppose -23*b + 22*b - 7 = 0. Calculate q(b).
-42
Let y(b) be the third derivative of b**4/8 - 22*b**3/3 + 22*b**2 + 1. Let z(d) = d - 15. Let q(p) = 3*y(p) - 8*z(p). What is q(3)?
-9
Let x be (24/28*14/3)/2. Let v(s) = -7*s**2 - 2*s + 1. Give v(x).
-31
Let r(w) = w - 2*w + 941 - w - 1852 - w + 917. Let z(d) = -3*d + 1. Let s be z(-1). What is r(s)?
-6
Let f be 8/(-14)*-7 - -1. Let c(y) = -3*y + 7. Let n(j) = -13*j + 29. Suppose 6*r - 3*r - 27 = 0. Let l(s) = r*c(s) - 2*n(s). What is l(f)?
0
Let v(m) = -2*m**2 - 6*m - 10. Let y be 63/(-18) + ((-6)/4)/3. What is v(y)?
-18
Let x(q) = -7*q + 18. Suppose -16*w = -7*w - 27. What is x(w)?
-3
Let w(j) = -4*j - 10. Let a = -192 - -199. Let f be 2/(1/(-9 + a)). Give w(f).
6
Let r(y) be the first derivative of -y**4/4 - 5*y**3/3 + y - 1505. Suppose 4*d + 18 = -2*p - 0*p, -4*d - 5*p - 33 = 0. Determine r(d).
-11
Let v(j) = -j**2 + 6*j + 1. Suppose -c = 2*c - 18. Let a be v(c). Let l(i) = -9*i + 19 + 18*i - 20 - 16*i - 5*i. What is l(a)?
-13
Let k(p) = 10 - 6 - 4*p + 7. Let r(j) = j. Let d(w) = -k(w) - 5*r(w). Let v be d(-6). Let b(f) = f**3 + 4*f**2 - 3*f - 1. What is b(v)?
-11
Suppose 0 = -4*s + 890 - 274. Let k(b) = -153*b + s*b - 2*b**2 + b**2 + 0*b**2. What is k(2)?
-2
Let m(x) be the third derivative of 1/12*x**4 - 74*x**2 + 0*x + 0 + x**3. What is m(-5)?
-4
Suppose 5*w - 48 - 102 = 0. Let s be (-160)/w*(-6)/8. Suppose q = -5*m + 15, -3 = -3*m + s*q - 17. Let u(c) = -2*c**3 + 4*c**2 - 4*c + 3. Calculate u(m).
-5
Let q(m) = m**2 + 0*m**2 - 9934 - 7*m + 9952. What is q(4)?
6
Let z(y) be the first derivative of 5*y**4/2 - 2*y**3/3 + y**2/2 + y + 4616. Calculate z(-1).
-12
Let t(a) = -3*a**2 - 4*a - 2. Let d be -1 + (0 - (-235)/(-5)). Let p = 63 + d. Let n be (-7)/3 + -1 + 5/p. What is t(n)?
-17
Let y(z) = -25*z**2 + 78*z + 19. Let w(a) = -18*a**2 + 55*a + 13. Let q(s) = 7*w(s) - 5*y(s). Determine q(0).
-4
Let b(q) = -2*q - 24. Suppose 4*l = -5*d - 25, -d - 17 + 13 = l. What is b(d)?
-6
Let i(x) be the third derivative of 3 + 0*x + 11/6*x**3 + 1/6*x**4 + 26*x**2. Calculate i(-3).
-1
Let a(z) = z**2 + 16*z - 5. Let b = 29714 - 29726. What is a(b)?
-53
Let j(h) = 4*h**3 + 15*h**2 - 49 - 64 + 0*h**3 + 24*h - 23*h + 118. Calculate j(-3).
29
Let x(a) = 10*a + 1. Let k(h) be the second derivative of -h**3/6 + 7*h**2/2 + 16*h. Let b be k(4). Suppose b*z - 5 = 8*z. Calculate x(z).
-9
